{"id":43341,"date":"2025-07-16T00:02:06","date_gmt":"2025-07-16T03:02:06","guid":{"rendered":"https:\/\/muvitmg.org.br\/?post_type=tnc_col_17_item&#038;p=43341"},"modified":"2025-07-18T18:25:24","modified_gmt":"2025-07-18T21:25:24","slug":"mario-lombardi-elza-ratton-e-os-filhos-marisa-mario-e-enio","status":"publish","type":"tnc_col_17_item","link":"https:\/\/muvitmg.org.br\/dev\/colecao-muvit\/mario-lombardi-elza-ratton-e-os-filhos-marisa-mario-e-enio\/","title":{"rendered":"[Mario Lombardi, Elza Ratton e os filhos Marisa, M\u00e1rio e \u00canio]"},"content":{"rendered":"<p>Mario Lombardi, Elza Ratton e os filhos: Marisa (primeira \u00e0 esquerda), \u00canio (no centro) e M\u00e1rio (primeiro \u00e0 direita).<\/p>\n","protected":false},"featured_media":43370,"parent":0,"menu_order":0,"comment_status":"closed","ping_status":"closed","template":"","format":"standard","class_list":["post-43341","tnc_col_17_item","type-tnc_col_17_item","status-publish","format-standard","has-post-thumbnail","hentry","tnc_tax_35365-fotos","tnc_tax_27857-lombardi","tnc_tax_4285-iconografico","tnc_tax_2474-midiateca","tnc_tax_401-minas-gerais-brasil","tnc_tax_148-fotografia","tnc_tax_132-artigos-muvitmg","tnc_tax_72-fotografias","tnc_tax_69-helia-morais","tnc_tax_69-luciana-souza","tnc_tax_56-museu-virtual-da-imigracao-italiana-em-minas-gerais-muvitmg","tnc_tax_51-lucimar-grizendi"],"_links":{"self":[{"href":"https:\/\/muvitmg.org.br\/dev\/wp-json\/wp\/v2\/tnc_col_17_item\/43341","targetHints":{"allow":["GET"]}}],"collection":[{"href":"https:\/\/muvitmg.org.br\/dev\/wp-json\/wp\/v2\/tnc_col_17_item"}],"about":[{"href":"https:\/\/muvitmg.org.br\/dev\/wp-json\/wp\/v2\/types\/tnc_col_17_item"}],"replies":[{"embeddable":true,"href":"https:\/\/muvitmg.org.br\/dev\/wp-json\/wp\/v2\/comments?post=43341"}],"version-history":[{"count":4,"href":"https:\/\/muvitmg.org.br\/dev\/wp-json\/wp\/v2\/tnc_col_17_item\/43341\/revisions"}],"predecessor-version":[{"id":45726,"href":"https:\/\/muvitmg.org.br\/dev\/wp-json\/wp\/v2\/tnc_col_17_item\/43341\/revisions\/45726"}],"wp:featuredmedia":[{"embeddable":true,"href":"https:\/\/muvitmg.org.br\/dev\/wp-json\/wp\/v2\/media\/43370"}],"wp:attachment":[{"href":"https:\/\/muvitmg.org.br\/dev\/wp-json\/wp\/v2\/media?parent=43341"}],"curies":[{"name":"wp","href":"https:\/\/api.w.org\/{rel}","templated":true}]}}

[Mario Lombardi, Elza Ratton e os filhos Marisa, Mário e Ênio]

<p>Mario Lombardi, Elza Ratton e os filhos: Marisa (primeira à esquerda), Ênio (no centro) e Mário (primeiro à direita).</p>
