{"id":43568,"date":"2025-07-17T11:25:53","date_gmt":"2025-07-17T14:25:53","guid":{"rendered":"https:\/\/muvitmg.org.br\/?post_type=tnc_col_17_item&#038;p=43568"},"modified":"2025-07-19T15:09:23","modified_gmt":"2025-07-19T18:09:23","slug":"sobrado-da-familia-landri-macedo","status":"publish","type":"tnc_col_17_item","link":"https:\/\/muvitmg.org.br\/dev\/colecao-muvit\/sobrado-da-familia-landri-macedo\/","title":{"rendered":"[Sobrado da Fam\u00edlia Landri Macedo]"},"content":{"rendered":"<p>Sobrado da Fam\u00edlia Landri Macedo, em Alfenas, em 1986. O im\u00f3vel parece antigo e, est\u00e1 com a pintura desgastada.<\/p>\n","protected":false},"featured_media":43585,"parent":0,"menu_order":0,"comment_status":"closed","ping_status":"closed","template":"","format":"standard","class_list":["post-43568","tnc_col_17_item","type-tnc_col_17_item","status-publish","format-standard","has-post-thumbnail","hentry","tnc_tax_35365-fotos","tnc_tax_27857-landri","tnc_tax_4285-iconografico","tnc_tax_2474-midiateca","tnc_tax_401-alfenas","tnc_tax_148-fotografia","tnc_tax_132-artigos-muvitmg","tnc_tax_72-fotografias","tnc_tax_69-helia-morais","tnc_tax_69-luciana-souza","tnc_tax_56-museu-virtual-da-imigracao-italiana-em-minas-gerais-muvitmg","tnc_tax_51-lucimar-grizendi"],"_links":{"self":[{"href":"https:\/\/muvitmg.org.br\/dev\/wp-json\/wp\/v2\/tnc_col_17_item\/43568","targetHints":{"allow":["GET"]}}],"collection":[{"href":"https:\/\/muvitmg.org.br\/dev\/wp-json\/wp\/v2\/tnc_col_17_item"}],"about":[{"href":"https:\/\/muvitmg.org.br\/dev\/wp-json\/wp\/v2\/types\/tnc_col_17_item"}],"replies":[{"embeddable":true,"href":"https:\/\/muvitmg.org.br\/dev\/wp-json\/wp\/v2\/comments?post=43568"}],"version-history":[{"count":3,"href":"https:\/\/muvitmg.org.br\/dev\/wp-json\/wp\/v2\/tnc_col_17_item\/43568\/revisions"}],"predecessor-version":[{"id":46541,"href":"https:\/\/muvitmg.org.br\/dev\/wp-json\/wp\/v2\/tnc_col_17_item\/43568\/revisions\/46541"}],"wp:featuredmedia":[{"embeddable":true,"href":"https:\/\/muvitmg.org.br\/dev\/wp-json\/wp\/v2\/media\/43585"}],"wp:attachment":[{"href":"https:\/\/muvitmg.org.br\/dev\/wp-json\/wp\/v2\/media?parent=43568"}],"curies":[{"name":"wp","href":"https:\/\/api.w.org\/{rel}","templated":true}]}}

[Sobrado da Família Landri Macedo]

<p>Sobrado da Família Landri Macedo, em Alfenas, em 1986. O imóvel parece antigo e, está com a pintura desgastada.</p>
