{"id":43644,"date":"2025-07-17T17:43:04","date_gmt":"2025-07-17T20:43:04","guid":{"rendered":"https:\/\/muvitmg.org.br\/?post_type=tnc_col_17_item&#038;p=43644"},"modified":"2025-07-17T17:54:58","modified_gmt":"2025-07-17T20:54:58","slug":"adega-de-vinhos-basso","status":"publish","type":"tnc_col_17_item","link":"https:\/\/muvitmg.org.br\/dev\/colecao-muvit\/adega-de-vinhos-basso\/","title":{"rendered":"[Adega de vinhos Basso]"},"content":{"rendered":"<p>Interior da adega dos vinhos Basso, pertencente a fam\u00edlia Basso, com os antigos toneis de madeira utilizados para a produ\u00e7\u00e3o de vinho.<\/p>\n","protected":false},"featured_media":43696,"parent":0,"menu_order":0,"comment_status":"closed","ping_status":"closed","template":"","format":"standard","class_list":["post-43644","tnc_col_17_item","type-tnc_col_17_item","status-publish","format-standard","has-post-thumbnail","hentry","tnc_tax_35365-fotos","tnc_tax_27857-basso","tnc_tax_4285-iconografico","tnc_tax_2474-midiateca","tnc_tax_401-andradas-minas-gerais-brasil","tnc_tax_148-fotografia","tnc_tax_132-circolo-italiano-di-andradas","tnc_tax_72-fotografias","tnc_tax_72-maquinario-equipamento-ferramenta","tnc_tax_56-circolo-italiano-di-andradas","tnc_tax_51-carlos-eduardo-rovaron"],"_links":{"self":[{"href":"https:\/\/muvitmg.org.br\/dev\/wp-json\/wp\/v2\/tnc_col_17_item\/43644","targetHints":{"allow":["GET"]}}],"collection":[{"href":"https:\/\/muvitmg.org.br\/dev\/wp-json\/wp\/v2\/tnc_col_17_item"}],"about":[{"href":"https:\/\/muvitmg.org.br\/dev\/wp-json\/wp\/v2\/types\/tnc_col_17_item"}],"replies":[{"embeddable":true,"href":"https:\/\/muvitmg.org.br\/dev\/wp-json\/wp\/v2\/comments?post=43644"}],"version-history":[{"count":1,"href":"https:\/\/muvitmg.org.br\/dev\/wp-json\/wp\/v2\/tnc_col_17_item\/43644\/revisions"}],"predecessor-version":[{"id":43698,"href":"https:\/\/muvitmg.org.br\/dev\/wp-json\/wp\/v2\/tnc_col_17_item\/43644\/revisions\/43698"}],"wp:featuredmedia":[{"embeddable":true,"href":"https:\/\/muvitmg.org.br\/dev\/wp-json\/wp\/v2\/media\/43696"}],"wp:attachment":[{"href":"https:\/\/muvitmg.org.br\/dev\/wp-json\/wp\/v2\/media?parent=43644"}],"curies":[{"name":"wp","href":"https:\/\/api.w.org\/{rel}","templated":true}]}}

<p>Interior da adega dos vinhos Basso, pertencente a família Basso, com os antigos toneis de madeira utilizados para a produção de vinho.</p>
