{"id":43706,"date":"2025-07-17T17:57:05","date_gmt":"2025-07-17T20:57:05","guid":{"rendered":"https:\/\/muvitmg.org.br\/?post_type=tnc_col_17_item&#038;p=43706"},"modified":"2025-07-17T18:25:52","modified_gmt":"2025-07-17T21:25:52","slug":"francisco-sprovieri-e-filhos","status":"publish","type":"tnc_col_17_item","link":"https:\/\/muvitmg.org.br\/dev\/colecao-muvit\/francisco-sprovieri-e-filhos\/","title":{"rendered":"[Francisco Sprovieri e filhos]"},"content":{"rendered":"<p>Filhos de Francisco Sprivieri: Ant\u00f4nio, Jos\u00e9, Francisco, Maria, Benedito, Domingos, Engrassia, Carmelia, Concei\u00e7\u00e3o, Natal e Manoel.<\/p>\n","protected":false},"featured_media":43790,"parent":0,"menu_order":0,"comment_status":"closed","ping_status":"closed","template":"","format":"standard","class_list":["post-43706","tnc_col_17_item","type-tnc_col_17_item","status-publish","format-standard","has-post-thumbnail","hentry","tnc_tax_35365-fotos","tnc_tax_27857-sprovieri","tnc_tax_4285-iconografico","tnc_tax_2474-midiateca","tnc_tax_401-andradas-minas-gerais-brasil","tnc_tax_148-fotografia","tnc_tax_132-circolo-italiano-di-andradas","tnc_tax_72-fotografias","tnc_tax_56-circolo-italiano-di-andradas","tnc_tax_51-carlos-eduardo-rovaron"],"_links":{"self":[{"href":"https:\/\/muvitmg.org.br\/dev\/wp-json\/wp\/v2\/tnc_col_17_item\/43706","targetHints":{"allow":["GET"]}}],"collection":[{"href":"https:\/\/muvitmg.org.br\/dev\/wp-json\/wp\/v2\/tnc_col_17_item"}],"about":[{"href":"https:\/\/muvitmg.org.br\/dev\/wp-json\/wp\/v2\/types\/tnc_col_17_item"}],"replies":[{"embeddable":true,"href":"https:\/\/muvitmg.org.br\/dev\/wp-json\/wp\/v2\/comments?post=43706"}],"version-history":[{"count":1,"href":"https:\/\/muvitmg.org.br\/dev\/wp-json\/wp\/v2\/tnc_col_17_item\/43706\/revisions"}],"predecessor-version":[{"id":43806,"href":"https:\/\/muvitmg.org.br\/dev\/wp-json\/wp\/v2\/tnc_col_17_item\/43706\/revisions\/43806"}],"wp:featuredmedia":[{"embeddable":true,"href":"https:\/\/muvitmg.org.br\/dev\/wp-json\/wp\/v2\/media\/43790"}],"wp:attachment":[{"href":"https:\/\/muvitmg.org.br\/dev\/wp-json\/wp\/v2\/media?parent=43706"}],"curies":[{"name":"wp","href":"https:\/\/api.w.org\/{rel}","templated":true}]}}

<p>Filhos de Francisco Sprivieri: Antônio, José, Francisco, Maria, Benedito, Domingos, Engrassia, Carmelia, Conceição, Natal e Manoel.</p>
